{"id":171,"date":"2019-11-02T12:33:58","date_gmt":"2019-11-02T11:33:58","guid":{"rendered":"https:\/\/event-secure.de\/clothsecure\/impressum-erstinformation\/"},"modified":"2024-06-05T15:57:19","modified_gmt":"2024-06-05T13:57:19","slug":"kundeninformation-und-impressum","status":"publish","type":"page","link":"https:\/\/event-secure.de\/jacketsecure\/kundeninformation-und-impressum\/","title":{"rendered":"Erstinformation \/ Impressum"},"content":{"rendered":"\n<p>Franke Versicherungsmakler GmbH<br>Gesch\u00e4ftsf\u00fchrer: Herr Peter Franke<br>Adolf-Damaschke-Str. 56\/58 | D &#8211; 14542 Werder (Havel) <\/p>\n\n\n\n<p>Tel.:&nbsp; +49 3327 4378999<br>Fax:&nbsp; +49 3327 7410718<br>E-Mail:  mail[at]event-secure.de  <br><br>Handelsregister: Amtsgericht Potsdam, Aktenzeichen: HRB 33678 P <br>Umsatzsteuer-ID: DE273276631<br>Verantwortlicher i.S.d. \u00a7 18 Abs. 2 MStV: Peter Franke, Adolf-Damaschke-Str. 56\/58, 14542 Werder (Havel) <\/p>\n\n\n\n<h3 class=\"wp-block-heading\">T\u00e4tigkeit<\/h3>\n\n\n\n<p>Versicherungsmakler mit Erlaubnis nach \u00a7 34d Abs. 1 GewO seit 29.06.2010<br>Aufsichtsbeh\u00f6rde: Industrie und Handelskammer Potsdam, Breite Str. 2A-C, 14467 Potsdam <\/p>\n\n\n\n<h3 class=\"wp-block-heading\">Register<\/h3>\n\n\n\n<p>Register-Nr. \u00a7 34d Abs. 1 GewO:&nbsp; D-NYDK-YX2CV-93<br>Registerstelle: Deutscher Industrie- u. Handelskammertag (DIHK) e. V., Breite Str. 29, 10178 Berlin (<a href=\"http:\/\/www.vermittlerregister.info\">www.vermittlerregister.info<\/a>) <\/p>\n\n\n\n<h3 class=\"wp-block-heading\">Informationen \u00fcber Beratung und Verg\u00fctung<\/h3>\n\n\n\n<p>Unsere T\u00e4tigkeit beinhaltet auch Beratung. Die Verg\u00fctung unserer T\u00e4tigkeit erfolgt als:<br>\u2013 konkret vereinbarte Zahlung durch den Kunden oder <br>\u2013 als in der Versicherungspr\u00e4mie enthaltene Provision, die vom jeweiligen Versicherungsunternehmen ausgezahlt wird oder<br>\u2013 als Kombination aus beidem. <br>Die Verg\u00fctung ist jeweils abh\u00e4ngig von den W\u00fcnschen und Bed\u00fcrfnissen des Kunden und den Versicherungsprodukten, welche eventuell vermittelt   werden. <\/p>\n\n\n\n<h3 class=\"wp-block-heading\">Beschwerden<\/h3>\n\n\n\n<p>Beschwerden sind in Textform an die Gesch\u00e4ftsleitung zu richten und werden im Rahmen unseres Beschwerdemanagements unverz\u00fcglich bearbeitet. <\/p>\n\n\n\n<h3 class=\"wp-block-heading\">Schlichtungsstellen<\/h3>\n\n\n\n<p>Gem\u00e4\u00df \u00a7 36 VSBG und \u00a7 17 Abs. 4 VersVermV teilen wir mit, dass wir bereit sind an einem Streitbeilegungsverfahren teilzunehmen. Folgende Schlichtungsstellen k\u00f6nnen kontaktiert werden:<\/p>\n\n\n\n<p>Versicherungsombudsmann e.V.<br>Postfach 08 06 32, 10006 Berlin<br>www.versicherungsombudsmann.de<\/p>\n\n\n\n<p>Europ\u00e4ische Kommision<br>Online-Streitbeilegungsplattform (OS-Plattform)<br>ec.europa.eu\/consumers\/odr<\/p>\n\n\n\n<h3 class=\"wp-block-heading\">Berufsrechtliche Regelungen<\/h3>\n\n\n\n<p>Gewerbeordnung (GewO)<br>Versicherungsvertragsgesetz (VVG)<br>Versicherungsaufsichtsgesetz (VAG)<br>Verordnung \u00fcber die Versicherungsvermittlung und -beratung (VersVermV) <\/p>\n\n\n\n<p>Die berufsrechtlichen Regelungen k\u00f6nnen \u00fcber die vom Bundesministerium der Justiz und von der juris GmbH betriebenen Homepage www.gesetze-im-internet.de eingesehen und abgerufen werden.<\/p>\n\n\n\n<p>\u00c4nderungen die durch beh\u00f6rdliche und\/oder gesetzliche Auflagen bzw. \ndurch betriebsinterne Ver\u00e4nderungen verursacht werden bleiben \nvorbehalten.<\/p>\n\n\n\n<h3 class=\"wp-block-heading\">Bildnachweise<\/h3>\n\n\n\n<p>Die Bilder, die hier auf dieser Website Verwendung finden, stammen von erworbenen Bildlizenzen:<\/p>\n\n\n\n<p>Titelbild: <a href=\"https:\/\/www.istockphoto.com\/de\/portfolio\/mulderphoto82?mediatype=photography\">Vladimir Zapletin<\/a> \/ Stock-Fotografie-ID:1057744716<br>Contentbild: <a href=\"https:\/\/www.istockphoto.com\/de\/portfolio\/AnaMOMarques?mediatype=photography\">AnaMOMarques<\/a> \/ Stock-Fotografie-ID:1056080560<\/p>\n\n\n\n<p>Dar\u00fcber hinaus werden folgende lizenzfreien Bilder genutzt:<\/p>\n\n\n\n<p><a href=\"https:\/\/www.flaticon.com\/free-icons\/requirement\">Requirement icons created by Freepik &#8211; Flaticon<\/a><br><a href=\"https:\/\/www.flaticon.com\/free-icons\/compare\">Compare icons created by Freepik &#8211; Flaticon<\/a><br><a href=\"https:\/\/www.flaticon.com\/de\/kostenlose-icons\/faq\">Faq icons created by Freepik &#8211; Flaticon<\/a><br><a href=\"https:\/\/www.flaticon.com\/de\/kostenlose-icons\/papier\">Paper icons created by Freepik &#8211; Flaticon<\/a><br><a href=\"https:\/\/www.flaticon.com\/de\/kostenlose-icons\/email\">Email Icons created by Freepik &#8211; Flaticon<\/a><br><a href=\"https:\/\/www.flaticon.com\/free-icons\/shortcut\">Shortcut icons created by Creatype &#8211; Flaticon<\/a><br><a href=\"https:\/\/www.flaticon.com\/free-icons\/policy\">Policy icons created by Freepik &#8211; Flaticon<\/a><br><a href=\"https:\/\/www.flaticon.com\/free-icons\/currency\">Currency icons created by Freepik &#8211; Flaticon<\/a><br><a href=\"https:\/\/www.flaticon.com\/free-icons\/business-and-finance\">Business and finance icons created by Freepik &#8211; Flaticon<\/a><br><a href=\"https:\/\/www.flaticon.com\/free-icons\/call\">Call icons created by Freepik &#8211; Flaticon<\/a><br><a href=\"https:\/\/www.flaticon.com\/free-icons\/exception\">Exception icons created by Freepik &#8211; Flaticon<\/a><br><a href=\"https:\/\/www.flaticon.com\/free-icons\/email\">Email icons created by Freepik &#8211; Flaticon<\/a><\/p>\n\n\n\n<p><em>Stand Revision: 03\/2023<\/em><\/p>\n","protected":false},"excerpt":{"rendered":"<p>Franke Versicherungsmakler GmbHGesch\u00e4ftsf\u00fchrer: Herr Peter FrankeAdolf-Damaschke-Str. 56\/58 | D &#8211; 14542 Werder (Havel) Tel.:&nbsp; +49 3327 4378999Fax:&nbsp; +49 3327 7410718E-Mail: mail[at]event-secure.de Handelsregister: Amtsgericht Potsdam, Aktenzeichen: HRB 33678 P Umsatzsteuer-ID: DE273276631Verantwortlicher i.S.d. \u00a7 18 Abs. 2 MStV: Peter Franke, Adolf-Damaschke-Str. 56\/58, 14542 Werder (Havel) T\u00e4tigkeit Versicherungsmakler mit Erlaubnis nach \u00a7 34d Abs. 1 GewO seit 29.06.2010Aufsichtsbeh\u00f6rde: [&hellip;]<\/p>\n","protected":false},"author":7,"featured_media":0,"parent":0,"menu_order":0,"comment_status":"closed","ping_status":"closed","template":"","meta":{"_acf_changed":false,"footnotes":""},"class_list":["post-171","page","type-page","status-publish","hentry"],"acf":[],"yoast_head":"<title>Kundeninformation und Impressum - EVENTsecure<\/title>\n<meta name=\"description\" content=\"Im Impressum sind allgemeine Informationen zur Franke Versicherungsmakler GmbH sowie Kontaktdaten und rechtliche Regelungen enthalten.\" \/>\n<meta name=\"robots\" content=\"noindex, nofollow\" \/>\n<meta property=\"og:locale\" content=\"de_DE\" \/>\n<meta property=\"og:type\" content=\"article\" \/>\n<meta property=\"og:title\" content=\"Kundeninformation und Impressum - EVENTsecure\" \/>\n<meta property=\"og:description\" content=\"Im Impressum sind allgemeine Informationen zur Franke Versicherungsmakler GmbH sowie Kontaktdaten und rechtliche Regelungen enthalten.\" \/>\n<meta property=\"og:url\" content=\"https:\/\/event-secure.de\/jacketsecure\/kundeninformation-und-impressum\/\" \/>\n<meta property=\"og:site_name\" content=\"Garderobenversicherung f\u00fcr Jacken und Taschen Ihrer G\u00e4ste\" \/>\n<meta property=\"article:modified_time\" content=\"2024-06-05T13:57:19+00:00\" \/>\n<meta name=\"twitter:card\" content=\"summary_large_image\" \/>\n<meta name=\"twitter:label1\" content=\"Gesch\u00e4tzte Lesezeit\" \/>\n\t<meta name=\"twitter:data1\" content=\"3\u00a0Minuten\" \/>\n<script type=\"application\/ld+json\" class=\"yoast-schema-graph\">{\"@context\":\"https:\\\/\\\/schema.org\",\"@graph\":[{\"@type\":\"WebPage\",\"@id\":\"https:\\\/\\\/event-secure.de\\\/jacketsecure\\\/kundeninformation-und-impressum\\\/\",\"url\":\"https:\\\/\\\/event-secure.de\\\/jacketsecure\\\/kundeninformation-und-impressum\\\/\",\"name\":\"Kundeninformation und Impressum - EVENTsecure\",\"isPartOf\":{\"@id\":\"https:\\\/\\\/event-secure.de\\\/jacketsecure\\\/#website\"},\"datePublished\":\"2019-11-02T11:33:58+00:00\",\"dateModified\":\"2024-06-05T13:57:19+00:00\",\"description\":\"Im Impressum sind allgemeine Informationen zur Franke Versicherungsmakler GmbH sowie Kontaktdaten und rechtliche Regelungen enthalten.\",\"breadcrumb\":{\"@id\":\"https:\\\/\\\/event-secure.de\\\/jacketsecure\\\/kundeninformation-und-impressum\\\/#breadcrumb\"},\"inLanguage\":\"de\",\"potentialAction\":[{\"@type\":\"ReadAction\",\"target\":[\"https:\\\/\\\/event-secure.de\\\/jacketsecure\\\/kundeninformation-und-impressum\\\/\"]}]},{\"@type\":\"BreadcrumbList\",\"@id\":\"https:\\\/\\\/event-secure.de\\\/jacketsecure\\\/kundeninformation-und-impressum\\\/#breadcrumb\",\"itemListElement\":[{\"@type\":\"ListItem\",\"position\":1,\"name\":\"Startseite\",\"item\":\"https:\\\/\\\/event-secure.de\\\/jacketsecure\\\/\"},{\"@type\":\"ListItem\",\"position\":2,\"name\":\"Erstinformation \\\/ Impressum\"}]},{\"@type\":\"WebSite\",\"@id\":\"https:\\\/\\\/event-secure.de\\\/jacketsecure\\\/#website\",\"url\":\"https:\\\/\\\/event-secure.de\\\/jacketsecure\\\/\",\"name\":\"Garderobenversicherung f\u00fcr Jacken und Taschen Ihrer G\u00e4ste\",\"description\":\"Von Besch\u00e4digung \u00fcber Verwechslung bis Verlust: JACKETsecure tr\u00e4gt die aufzuwendenen Kosten. \u2713 Online rechnen und abschlie\u00dfen.\",\"potentialAction\":[{\"@type\":\"SearchAction\",\"target\":{\"@type\":\"EntryPoint\",\"urlTemplate\":\"https:\\\/\\\/event-secure.de\\\/jacketsecure\\\/?s={search_term_string}\"},\"query-input\":{\"@type\":\"PropertyValueSpecification\",\"valueRequired\":true,\"valueName\":\"search_term_string\"}}],\"inLanguage\":\"de\"}]}<\/script>","yoast_head_json":{"title":"Kundeninformation und Impressum - EVENTsecure","description":"Im Impressum sind allgemeine Informationen zur Franke Versicherungsmakler GmbH sowie Kontaktdaten und rechtliche Regelungen enthalten.","robots":{"index":"noindex","follow":"nofollow"},"og_locale":"de_DE","og_type":"article","og_title":"Kundeninformation und Impressum - EVENTsecure","og_description":"Im Impressum sind allgemeine Informationen zur Franke Versicherungsmakler GmbH sowie Kontaktdaten und rechtliche Regelungen enthalten.","og_url":"https:\/\/event-secure.de\/jacketsecure\/kundeninformation-und-impressum\/","og_site_name":"Garderobenversicherung f\u00fcr Jacken und Taschen Ihrer G\u00e4ste","article_modified_time":"2024-06-05T13:57:19+00:00","twitter_card":"summary_large_image","twitter_misc":{"Gesch\u00e4tzte Lesezeit":"3\u00a0Minuten"},"schema":{"@context":"https:\/\/schema.org","@graph":[{"@type":"WebPage","@id":"https:\/\/event-secure.de\/jacketsecure\/kundeninformation-und-impressum\/","url":"https:\/\/event-secure.de\/jacketsecure\/kundeninformation-und-impressum\/","name":"Kundeninformation und Impressum - EVENTsecure","isPartOf":{"@id":"https:\/\/event-secure.de\/jacketsecure\/#website"},"datePublished":"2019-11-02T11:33:58+00:00","dateModified":"2024-06-05T13:57:19+00:00","description":"Im Impressum sind allgemeine Informationen zur Franke Versicherungsmakler GmbH sowie Kontaktdaten und rechtliche Regelungen enthalten.","breadcrumb":{"@id":"https:\/\/event-secure.de\/jacketsecure\/kundeninformation-und-impressum\/#breadcrumb"},"inLanguage":"de","potentialAction":[{"@type":"ReadAction","target":["https:\/\/event-secure.de\/jacketsecure\/kundeninformation-und-impressum\/"]}]},{"@type":"BreadcrumbList","@id":"https:\/\/event-secure.de\/jacketsecure\/kundeninformation-und-impressum\/#breadcrumb","itemListElement":[{"@type":"ListItem","position":1,"name":"Startseite","item":"https:\/\/event-secure.de\/jacketsecure\/"},{"@type":"ListItem","position":2,"name":"Erstinformation \/ Impressum"}]},{"@type":"WebSite","@id":"https:\/\/event-secure.de\/jacketsecure\/#website","url":"https:\/\/event-secure.de\/jacketsecure\/","name":"Garderobenversicherung f\u00fcr Jacken und Taschen Ihrer G\u00e4ste","description":"Von Besch\u00e4digung \u00fcber Verwechslung bis Verlust: JACKETsecure tr\u00e4gt die aufzuwendenen Kosten. \u2713 Online rechnen und abschlie\u00dfen.","potentialAction":[{"@type":"SearchAction","target":{"@type":"EntryPoint","urlTemplate":"https:\/\/event-secure.de\/jacketsecure\/?s={search_term_string}"},"query-input":{"@type":"PropertyValueSpecification","valueRequired":true,"valueName":"search_term_string"}}],"inLanguage":"de"}]}},"_links":{"self":[{"href":"https:\/\/event-secure.de\/jacketsecure\/wp-json\/wp\/v2\/pages\/171","targetHints":{"allow":["GET"]}}],"collection":[{"href":"https:\/\/event-secure.de\/jacketsecure\/wp-json\/wp\/v2\/pages"}],"about":[{"href":"https:\/\/event-secure.de\/jacketsecure\/wp-json\/wp\/v2\/types\/page"}],"author":[{"embeddable":true,"href":"https:\/\/event-secure.de\/jacketsecure\/wp-json\/wp\/v2\/users\/7"}],"replies":[{"embeddable":true,"href":"https:\/\/event-secure.de\/jacketsecure\/wp-json\/wp\/v2\/comments?post=171"}],"version-history":[{"count":13,"href":"https:\/\/event-secure.de\/jacketsecure\/wp-json\/wp\/v2\/pages\/171\/revisions"}],"predecessor-version":[{"id":8125,"href":"https:\/\/event-secure.de\/jacketsecure\/wp-json\/wp\/v2\/pages\/171\/revisions\/8125"}],"wp:attachment":[{"href":"https:\/\/event-secure.de\/jacketsecure\/wp-json\/wp\/v2\/media?parent=171"}],"curies":[{"name":"wp","href":"https:\/\/api.w.org\/{rel}","templated":true}]}}

<p>Franke Versicherungsmakler GmbH<br>Geschäftsführer: Herr Peter Franke<br>Adolf-Damaschke-Str. 56/58 | D &#8211; 14542 Werder (Havel) </p>



<p>Tel.:&nbsp; +49 3327 4378999<br>Fax:&nbsp; +49 3327 7410718<br>E-Mail:  mail[at]event-secure.de  <br><br>Handelsregister: Amtsgericht Potsdam, Aktenzeichen: HRB 33678 P <br>Umsatzsteuer-ID: DE273276631<br>Verantwortlicher i.S.d. § 18 Abs. 2 MStV: Peter Franke, Adolf-Damaschke-Str. 56/58, 14542 Werder (Havel) </p>



<h3 class="wp-block-heading">Tätigkeit</h3>



<p>Versicherungsmakler mit Erlaubnis nach § 34d Abs. 1 GewO seit 29.06.2010<br>Aufsichtsbehörde: Industrie und Handelskammer Potsdam, Breite Str. 2A-C, 14467 Potsdam </p>



<h3 class="wp-block-heading">Register</h3>



<p>Register-Nr. § 34d Abs. 1 GewO:&nbsp; D-NYDK-YX2CV-93<br>Registerstelle: Deutscher Industrie- u. Handelskammertag (DIHK) e. V., Breite Str. 29, 10178 Berlin (<a href="http://www.vermittlerregister.info">www.vermittlerregister.info</a>) </p>



<h3 class="wp-block-heading">Informationen über Beratung und Vergütung</h3>



<p>Unsere Tätigkeit beinhaltet auch Beratung. Die Vergütung unserer Tätigkeit erfolgt als:<br>– konkret vereinbarte Zahlung durch den Kunden oder <br>– als in der Versicherungsprämie enthaltene Provision, die vom jeweiligen Versicherungsunternehmen ausgezahlt wird oder<br>– als Kombination aus beidem. <br>Die Vergütung ist jeweils abhängig von den Wünschen und Bedürfnissen des Kunden und den Versicherungsprodukten, welche eventuell vermittelt   werden. </p>



<h3 class="wp-block-heading">Beschwerden</h3>



<p>Beschwerden sind in Textform an die Geschäftsleitung zu richten und werden im Rahmen unseres Beschwerdemanagements unverzüglich bearbeitet. </p>



<h3 class="wp-block-heading">Schlichtungsstellen</h3>



<p>Gemäß § 36 VSBG und § 17 Abs. 4 VersVermV teilen wir mit, dass wir bereit sind an einem Streitbeilegungsverfahren teilzunehmen. Folgende Schlichtungsstellen können kontaktiert werden:</p>



<p>Versicherungsombudsmann e.V.<br>Postfach 08 06 32, 10006 Berlin<br>www.versicherungsombudsmann.de</p>



<p>Europäische Kommision<br>Online-Streitbeilegungsplattform (OS-Plattform)<br>ec.europa.eu/consumers/odr</p>



<h3 class="wp-block-heading">Berufsrechtliche Regelungen</h3>



<p>Gewerbeordnung (GewO)<br>Versicherungsvertragsgesetz (VVG)<br>Versicherungsaufsichtsgesetz (VAG)<br>Verordnung über die Versicherungsvermittlung und -beratung (VersVermV) </p>



<p>Die berufsrechtlichen Regelungen können über die vom Bundesministerium der Justiz und von der juris GmbH betriebenen Homepage www.gesetze-im-internet.de eingesehen und abgerufen werden.</p>



<p>Änderungen die durch behördliche und/oder gesetzliche Auflagen bzw. 
durch betriebsinterne Veränderungen verursacht werden bleiben 
vorbehalten.</p>



<h3 class="wp-block-heading">Bildnachweise</h3>



<p>Die Bilder, die hier auf dieser Website Verwendung finden, stammen von erworbenen Bildlizenzen:</p>



<p>Titelbild: <a href="https://www.istockphoto.com/de/portfolio/mulderphoto82?mediatype=photography">Vladimir Zapletin</a> / Stock-Fotografie-ID:1057744716<br>Contentbild: <a href="https://www.istockphoto.com/de/portfolio/AnaMOMarques?mediatype=photography">AnaMOMarques</a> / Stock-Fotografie-ID:1056080560</p>



<p>Darüber hinaus werden folgende lizenzfreien Bilder genutzt:</p>



<p><a href="https://www.flaticon.com/free-icons/requirement">Requirement icons created by Freepik &#8211; Flaticon</a><br><a href="https://www.flaticon.com/free-icons/compare">Compare icons created by Freepik &#8211; Flaticon</a><br><a href="https://www.flaticon.com/de/kostenlose-icons/faq">Faq icons created by Freepik &#8211; Flaticon</a><br><a href="https://www.flaticon.com/de/kostenlose-icons/papier">Paper icons created by Freepik &#8211; Flaticon</a><br><a href="https://www.flaticon.com/de/kostenlose-icons/email">Email Icons created by Freepik &#8211; Flaticon</a><br><a href="https://www.flaticon.com/free-icons/shortcut">Shortcut icons created by Creatype &#8211; Flaticon</a><br><a href="https://www.flaticon.com/free-icons/policy">Policy icons created by Freepik &#8211; Flaticon</a><br><a href="https://www.flaticon.com/free-icons/currency">Currency icons created by Freepik &#8211; Flaticon</a><br><a href="https://www.flaticon.com/free-icons/business-and-finance">Business and finance icons created by Freepik &#8211; Flaticon</a><br><a href="https://www.flaticon.com/free-icons/call">Call icons created by Freepik &#8211; Flaticon</a><br><a href="https://www.flaticon.com/free-icons/exception">Exception icons created by Freepik &#8211; Flaticon</a><br><a href="https://www.flaticon.com/free-icons/email">Email icons created by Freepik &#8211; Flaticon</a></p>



<p><em>Stand Revision: 03/2023</em></p>

<p>Franke Versicherungsmakler GmbHGeschäftsführer: Herr Peter FrankeAdolf-Damaschke-Str. 56/58 | D &#8211; 14542 Werder (Havel) Tel.:&nbsp; +49 3327 4378999Fax:&nbsp; +49 3327 7410718E-Mail: mail[at]event-secure.de Handelsregister: Amtsgericht Potsdam, Aktenzeichen: HRB 33678 P Umsatzsteuer-ID: DE273276631Verantwortlicher i.S.d. § 18 Abs. 2 MStV: Peter Franke, Adolf-Damaschke-Str. 56/58, 14542 Werder (Havel) Tätigkeit Versicherungsmakler mit Erlaubnis nach § 34d Abs. 1 GewO seit 29.06.2010Aufsichtsbehörde: [&hellip;]</p>

<title>Kundeninformation und Impressum - EVENTsecure</title>
<meta name="description" content="Im Impressum sind allgemeine Informationen zur Franke Versicherungsmakler GmbH sowie Kontaktdaten und rechtliche Regelungen enthalten." />
<meta name="robots" content="noindex, nofollow" />
<meta property="og:locale" content="de_DE" />
<meta property="og:type" content="article" />
<meta property="og:title" content="Kundeninformation und Impressum - EVENTsecure" />
<meta property="og:description" content="Im Impressum sind allgemeine Informationen zur Franke Versicherungsmakler GmbH sowie Kontaktdaten und rechtliche Regelungen enthalten." />
<meta property="og:url" content="https://event-secure.de/jacketsecure/kundeninformation-und-impressum/" />
<meta property="og:site_name" content="Garderobenversicherung für Jacken und Taschen Ihrer Gäste" />
<meta property="article:modified_time" content="2024-06-05T13:57:19+00:00" />
<meta name="twitter:card" content="summary_large_image" />
<meta name="twitter:label1" content="Geschätzte Lesezeit" />
	<meta name="twitter:data1" content="3 Minuten" />
<script type="application/ld+json" class="yoast-schema-graph">{"@context":"https:\/\/schema.org","@graph":[{"@type":"WebPage","@id":"https:\/\/event-secure.de\/jacketsecure\/kundeninformation-und-impressum\/","url":"https:\/\/event-secure.de\/jacketsecure\/kundeninformation-und-impressum\/","name":"Kundeninformation und Impressum - EVENTsecure","isPartOf":{"@id":"https:\/\/event-secure.de\/jacketsecure\/#website"},"datePublished":"2019-11-02T11:33:58+00:00","dateModified":"2024-06-05T13:57:19+00:00","description":"Im Impressum sind allgemeine Informationen zur Franke Versicherungsmakler GmbH sowie Kontaktdaten und rechtliche Regelungen enthalten.","breadcrumb":{"@id":"https:\/\/event-secure.de\/jacketsecure\/kundeninformation-und-impressum\/#breadcrumb"},"inLanguage":"de","potentialAction":[{"@type":"ReadAction","target":["https:\/\/event-secure.de\/jacketsecure\/kundeninformation-und-impressum\/"]}]},{"@type":"BreadcrumbList","@id":"https:\/\/event-secure.de\/jacketsecure\/kundeninformation-und-impressum\/#breadcrumb","itemListElement":[{"@type":"ListItem","position":1,"name":"Startseite","item":"https:\/\/event-secure.de\/jacketsecure\/"},{"@type":"ListItem","position":2,"name":"Erstinformation \/ Impressum"}]},{"@type":"WebSite","@id":"https:\/\/event-secure.de\/jacketsecure\/#website","url":"https:\/\/event-secure.de\/jacketsecure\/","name":"Garderobenversicherung für Jacken und Taschen Ihrer Gäste","description":"Von Beschädigung über Verwechslung bis Verlust: JACKETsecure trägt die aufzuwendenen Kosten. ✓ Online rechnen und abschließen.","potentialAction":[{"@type":"SearchAction","target":{"@type":"EntryPoint","urlTemplate":"https:\/\/event-secure.de\/jacketsecure\/?s={search_term_string}"},"query-input":{"@type":"PropertyValueSpecification","valueRequired":true,"valueName":"search_term_string"}}],"inLanguage":"de"}]}</script>

Garderobenversicherung für Jacken und Taschen Ihrer Gäste

Von Beschädigung über Verwechslung bis Verlust: JACKETsecure trägt die aufzuwendenen Kosten. ✓ Online rechnen und abschließen.
